{"id":44,"date":"2018-09-13T06:43:51","date_gmt":"2018-09-13T06:43:51","guid":{"rendered":"http:\/\/www.upsenlinea.net\/?page_id=44"},"modified":"2020-02-28T16:19:46","modified_gmt":"2020-02-28T16:19:46","slug":"quienes-somos","status":"publish","type":"page","link":"https:\/\/www.upsenlinea.net\/index.php\/quienes-somos\/","title":{"rendered":"\u00bfQui\u00e9nes Somos?"},"content":{"rendered":"<p>www.upsenlinea.net Familia de j\u00f3venes profesionales dedicados al cien por ciento a la difusi\u00f3n de noticias de orden nacional e internacional de una manera clara, imparcial, oportuna y con credibilidad siendo estas de tipo educativo, formativo, familiar pol\u00edtico, sociocultural deportivo, musical, recreativo y de\u00a0 entretenimiento. Para el fortalecimiento de los valores que siempre deben existir en la familia y en la sociedad.<\/p>\n<p>Para reafirmar el compromiso que tenemos los j\u00f3venes profesionales por conseguir las metas y objetivos trazados de \u00edndole personal, pero a la vez tambi\u00e9n contribuir de una manera consiente y real con el desarrollo, bienestar, integraci\u00f3n, equidad y la orientaci\u00f3n de una comunidad y naci\u00f3n, de que somos parte viva y activa de los sue\u00f1os de un pa\u00eds en desarrollo que cada d\u00eda se da m\u00e1s a conocer en el mundo.<\/p>\n<p>\u00a0<\/p>\n<hr \/>\n<p style=\"text-align: center;\"><strong><em>&#8220;La radio de los estudiantes&#8221;<\/em><\/strong><\/p>\n<h2><span style=\"color: #3366ff;\">Misi\u00f3n<\/span><\/h2>\n<p>Radio UPS en l\u00ednea tiene como funci\u00f3n difundir contenido educativo, cient\u00edfico, informativo, de di\u00e1logo y entretenimiento, brindando oportunidad a los estudiantes de crear e innovar nuevos programas que sirvan para incentivar a los j\u00f3venes a explotar su potencial, pensando siempre en aportar a su comunidad, siendo los \u00fanicos en promover la divulgaci\u00f3n cient\u00edfica.<\/p>\n<h2><span style=\"color: #3366ff;\">Visi\u00f3n<\/span><\/h2>\n<ul>\n<li style=\"text-align: left;\">Promover una cultura diferente, generando conocimientos a trav\u00e9s de programas creativos que aporten a la comunidad. Asimismo, mediante la participaci\u00f3n de estudiantes como docentes de la carrera de Comunicaci\u00f3n Social.<\/li>\n<\/ul>\n<h2><span style=\"color: #3366ff;\">Valores<\/span><\/h2>\n<ul>\n<li><em><strong>Responsabilidad:<\/strong><\/em><\/li>\n<\/ul>\n<p>Se brindar\u00e1 contenido de calidad.<\/p>\n<ul>\n<li><em><strong>Honestidad:<\/strong><\/em><\/li>\n<\/ul>\n<p>Ser profesionales en todo, presentando contenidos reales, siempre verificando la informaci\u00f3n.<\/p>\n<ul>\n<li><em><strong>Respeto:<\/strong><\/em><\/li>\n<\/ul>\n<p>Toda la informaci\u00f3n proporcionada ser\u00e1 manejada con cautela, respetando los c\u00f3digos deontol\u00f3gicos.<\/p>\n<ul>\n<li><em><strong>Solidaridad:<\/strong><\/em><\/li>\n<\/ul>\n<p>Fomentar el compa\u00f1erismo y ayudarnos unos a otros.<\/p>\n<ul>\n<li><em><strong>Integridad:<\/strong><\/em><\/li>\n<\/ul>\n<p>Ser transparentes.<\/p>\n<ul>\n<li><em><strong>Liderazgo:<\/strong><\/em><\/li>\n<\/ul>\n<p>Esfuerzo por ser cada d\u00eda mejores.<\/p>\n<ul>\n<li><em><strong>Puntualidad:<\/strong><\/em><\/li>\n<\/ul>\n<p>Mantener informados a los oyentes d\u00eda a d\u00eda.<\/p>\n<ul>\n<li><em><strong>Creatividad:<\/strong><\/em><\/li>\n<\/ul>\n<p>Buscan innovar los formatos radiof\u00f3nicos que permitan a los estudiantes experimentar la calidad de los medios\u00a0de comunicaci\u00f3n.<\/p>\n<ul>\n<li><em><strong>Diversidad:<\/strong><\/em><\/li>\n<\/ul>\n<p>En la Radio UPS en linea debe ser respetuosa y sobretodo las diferencias entre todos los que forman parte, sin\u00a0ning\u00fan tipo de discriminaci\u00f3n.<\/p>\n<ul>\n<li><em><strong>Profesionalismo:<\/strong><\/em><\/li>\n<\/ul>\n<p>Todos los que se comprometan en ayudar en la Radio deber\u00e1n tener un buen desempe\u00f1o en cuanto a los\u00a0servicios de la misma.<\/p>\n<p><img loading=\"lazy\" class=\"wp-image-140 aligncenter\" src=\"http:\/\/www.upsenlinea.net\/wp-content\/uploads\/2018\/09\/UPS-BALNCO-vectorizado-300x90.png\" alt=\"UPS BALNCO vectorizado\" width=\"264\" height=\"89\" \/><\/p>\n\n\n<figure class=\"wp-block-image\"><img loading=\"lazy\" width=\"1024\" height=\"47\" src=\"http:\/\/www.upsenlinea.net\/wp-content\/uploads\/2019\/09\/claqueta-002-1024x47.png\" alt=\"\" class=\"wp-image-1158\" srcset=\"https:\/\/www.upsenlinea.net\/wp-content\/uploads\/2019\/09\/claqueta-002-1024x47.png 1024w, https:\/\/www.upsenlinea.net\/wp-content\/uploads\/2019\/09\/claqueta-002-300x14.png 300w, https:\/\/www.upsenlinea.net\/wp-content\/uploads\/2019\/09\/claqueta-002-768x35.png 768w, https:\/\/www.upsenlinea.net\/wp-content\/uploads\/2019\/09\/claqueta-002-830x38.png 830w, https:\/\/www.upsenlinea.net\/wp-content\/uploads\/2019\/09\/claqueta-002-230x11.png 230w, https:\/\/www.upsenlinea.net\/wp-content\/uploads\/2019\/09\/claqueta-002-350x16.png 350w, https:\/\/www.upsenlinea.net\/wp-content\/uploads\/2019\/09\/claqueta-002-480x22.png 480w\" sizes=\"(max-width: 1024px) 100vw, 1024px\" \/><\/figure>\n\n\n\n<h2><\/h2>\n","protected":false},"excerpt":{"rendered":"<p>www.upsenlinea.net Familia de j\u00f3venes profesionales dedicados al cien por ciento a la [&hellip;]<\/p>\n","protected":false},"author":1,"featured_media":0,"parent":0,"menu_order":0,"comment_status":"closed","ping_status":"closed","template":"","meta":[],"_links":{"self":[{"href":"https:\/\/www.upsenlinea.net\/index.php\/wp-json\/wp\/v2\/pages\/44"}],"collection":[{"href":"https:\/\/www.upsenlinea.net\/index.php\/wp-json\/wp\/v2\/pages"}],"about":[{"href":"https:\/\/www.upsenlinea.net\/index.php\/wp-json\/wp\/v2\/types\/page"}],"author":[{"embeddable":true,"href":"https:\/\/www.upsenlinea.net\/index.php\/wp-json\/wp\/v2\/users\/1"}],"replies":[{"embeddable":true,"href":"https:\/\/www.upsenlinea.net\/index.php\/wp-json\/wp\/v2\/comments?post=44"}],"version-history":[{"count":19,"href":"https:\/\/www.upsenlinea.net\/index.php\/wp-json\/wp\/v2\/pages\/44\/revisions"}],"predecessor-version":[{"id":1334,"href":"https:\/\/www.upsenlinea.net\/index.php\/wp-json\/wp\/v2\/pages\/44\/revisions\/1334"}],"wp:attachment":[{"href":"https:\/\/www.upsenlinea.net\/index.php\/wp-json\/wp\/v2\/media?parent=44"}],"curies":[{"name":"wp","href":"https:\/\/api.w.org\/{rel}","templated":true}]}}